vided by 20?
17
Let q be 3*((-15)/(-9) + 0). Suppose q*o = 8 + 7. Let b(z) = 2*z - 3. Calculate the remainder when 6 is divided by b(o).
0
Let k = 1456 - 1421. What is the remainder when k is divided by 16?
3
Let q = -91 - -101. What is the remainder when q is divided by 36/(-24)*(-8)/3?
2
Let t(y) be the first derivative of -85*y**4/4 + y**3/3 + y**2 + 2*y - 23. What is the remainder when t(-1) is divided by 45?
41
Suppose -28 = 3*q - 115. What is the remainder when 172 is divided by q?
27
What is the remainder when (150/27)/(-25) + (-452)/(-9) is divided by 3?
2
Let b = -1 - -12. Let a(z) = -z**3 - 6*z**2 - 7*z - 24. What is the remainder when a(-7) is divided by b?
8
Suppose -4*d - d - 15 = 0. Let q be (-1)/d - (-28)/(-3). What is the remainder when 45 - 9*(-3)/q is divided by 15?
12
Suppose 5*x = 2*n + 215, -x = -4*x + 4*n + 129. Suppose x - 6 = f. Calculate the remainder when 294 is divided by f.
35
Let o(h) = -2*h + 3. Suppose 43*t - 106 = 41*t. Calculate the remainder when t is divided by o(-4).
9
Calculate the remainder when 317 is divided by (-21)/(-77) - (-236)/22.
9
Let a = 70 - 48. Calculate the remainder when 2*(-18)/16*(-448)/24 is divided by a.
20
Suppose -c = 411 - 226. Let a = -103 - c. What is the remainder when a is divided by 28?
26
Let k be 6/(-14) + (-380)/(-70). Suppose -2*g = -k*v + 4 + 123, -128 = -4*v - 5*g. What is the remainder when 106 is divided by v?
25
Suppose -35 = -4*o - 5*y, 3*y + 43 = 5*o - 10. Suppose -w = 4*p - 112, 0 = p + w - 3*w - 28. What is the remainder when p is divided by o?
8
Suppose n - 4*d = -0 - 19, -5*d = -10. Suppose -w = -3 - 21. Let y = n + w. What is the remainder when 36 is divided by y?
10
Let j(w) = 8*w. Let t be j(-1). Let r(q) = q + 10. Let d be r(t). Suppose -m = k - d*k - 4, -m + 9 = 4*k. What is the remainder when 14 is divided by m?
4
What is the remainder when 113 is divided by (15 + -2)/(-4 + 5)?
9
Let o = 16 + 168. Calculate the remainder when o is divided by 57.
13
Suppose -o - 31 = 8. Let s = o - -55. Suppose 4*p = s + 128. Calculate the remainder when p is divided by 10.
6
Suppose 75 = 4*n + 2*o - 5, o + 48 = 2*n. Calculate the remainder when n is divided by (-120)/(-18)*6/5.
6
Suppose -5 = k, 4*k = 3*f - 2*f - 24. Suppose f*o - 3*o = 3. Calculate the remainder when o is divided by 2.
1
Let d = -21 + 101. Calculate the remainder when d is divided by 27.
26
Suppose -4*y - y + 95 = -2*a, -3*a + 36 = 3*y. Calculate the remainder when y is divided by 12.
5
Let f = 16 - -26. Calculate the remainder when f is divided by 138/230 - ((-4)/(-10))/(4/(-84)).
6
Suppose -4*z + 0*z + 240 = 0. Suppose 12 = -3*k, -3*v - k + 342 = 2*k. What is the remainder when v is divided by 8/z - 896/(-30)?
28
Let q be (5/(-10))/(2/4). Let j(w) = 1. Let b(v) = -5*v - 10. Let k(p) = b(p) + 10*j(p). Calculate the remainder when 18 is divided by k(q).
3
Let h(k) = -12*k - 72. What is the remainder when 430 is divided by h(-10)?
46
Suppose -24*r + 4890 = -678. What is the remainder when r is divided by 79?
74
Calculate the remainder when 171 is divided by 609/14 - (-1)/(-2).
42
Suppose -5*h + 4*o = -140, h - 9 = -39*o + 36*o. What is the remainder when 156 is divided by h?
12
What is the remainder when 179 is divided by (-5)/2*114/76*-4?
14
Let w be (-2)/7 + (-8180)/35. Calculate the remainder when 10/(-3)*w/15 is divided by (-3)/4 + (-375)/(-20).
16
Let a(p) be the second derivative of -p**5/20 + p**4/12 + 9*p**2/2 - 2*p. Suppose 6*u = 10*u. What is the remainder when 16 is divided by a(u)?
7
Let d(n) = 2*n**2 - 5*n. Let v be d(3). Suppose -3*i - v*s + 0 = 3, -4*i - 8 = 5*s. Let x(c) = c**2 + 5. What is the remainder when 51 is divided by x(i)?
9
Suppose 7*s + 70 = 259. What is the remainder when (-2)/5 + (-514)/(-10) is divided by s?
24
Suppose -3*p = 2*p - 5*f - 20, -5*f = -15. Suppose -2*x + 3*x - p = 0. What is the remainder when 26 is divided by x?
5
Let k be 30/24*(3 + 1). Let y be 5/25 + 19/k. Suppose 0*p + y*p = 220. What is the remainder when p is divided by 19?
17
Calculate the remainder when 46 is divided by (10/12)/((7/42)/1).
1
Let d(t) = 4*t + 108. Let l be d(0). Suppose r - l = -2*r. What is the remainder when 70 is divided by r?
34
Suppose 0 = -3*f + 6 + 9. Suppose 20 = 2*l + 3*r, 7 = 3*r - 5. Suppose -5*u + l*g + 181 = 0, f*u + g - 93 = 93. What is the remainder when u is divided by 10?
7
Let k = -310 + 354. What is the remainder when 172 is divided by k?
40
Let z be (-80)/(-12)*3/2. Let p(o) be the second derivative of o**3/3 - 7*o**2 + 26*o. Calculate the remainder when p(z) is divided by 3.
0
Let x(g) = -g + 5. Let d be x(2). Suppose 4*m - d*m - 14 = 0. What is the remainder when 39 is divided by m?
11
Let d(w) = 5*w**2 + 48*w - 91. What is the remainder when d(-13) is divided by 22?
20
Suppose -c + 137 - 38 = 0. Suppose 0 = -2*y + 25 + c. What is the remainder when y is divided by 16?
14
Let u(d) = -7*d + 2. Let p(j) = -8*j - 3*j**2 - 5 + 6*j**2 - 4*j**2 - j. Let r be p(-9). Calculate the remainder when u(r) is divided by 10.
7
Suppose -3*l - x = -5, -10 = -2*l - 0*x + x. Let a = 9 + -6. Suppose -43 = -l*b + j, 55 = a*b - j + 6*j. What is the remainder when 44 is divided by b?
14
Let x(i) = -i + 48. Let v(z) = -z**2 - 4*z + 2. Let y be v(-4). Suppose h - 14 = -y. What is the remainder when x(14) is divided by h?
10
Let o(g) = 2*g**2 - 2*g - 14. Suppose -4*n = -3*z + 307, 0 = -9*z + 4*z + 3*n + 508. What is the remainder when ((-2)/(-1) + -1)*z is divided by o(-4)?
23
Let f(y) = -4*y**2 - 5*y + 149. Suppose -4*a + 3*u + 27 = 0, a = u + 5 + 1. What is the remainder when f(-6) is divided by a?
8
Calculate the remainder when (53/159)/(2 - (-538)/(-270)) is divided by 2.
1
Let t = 350 + -221. What is the remainder when t is divided by 25?
4
Let a(j) = -j**3 + 2*j**2 + 4*j + 8. What is the remainder when 316 is divided by a(3)?
8
Let c = -23 - -36. Let q = 69 + c. Calculate the remainder when q is divided by 21.
19
Let a = 5 - -22. Let i = 37 - a. What is the remainder when 27 is divided by i?
7
Let f = -317 + 506. Calculate the remainder when f is divided by 32.
29
Suppose -33*k - 14 = -35*k. What is the remainder when 139 is divided by k?
6
Let x = 2 - -3. Suppose -223 = -7*u + 2*u - 2*r, x*u - r - 226 = 0. Calculate the remainder when u is divided by 16.
13
Calculate the remainder when 669 is divided by (-13 - -13)/(-2 + 0) - -137.
121
Let b = 168 - 113. Suppose 0 = -f - 2*a - 0*a + b, 0 = 3*f + 3*a - 153. Calculate the remainder when f is divided by 16.
15
Let i(p) = p**3 + 4*p**2 - p - 7. Let a be i(-4). Calculate the remainder when 160 is divided by (3*(-46)/a)/2.
22
Suppose -2*x + 55 = 3*x. Let p = x + 9. Suppose 4*f - 8 = 2*m, -f = 5*m - 3*f - p. Calculate the remainder when 22 is divided by m.
4
Let i = 8 - 15. Let s = i - -77. What is the remainder when s is divided by 15?
10
Let h(x) = -x**3 + 8*x**2 - 4*x + 18. Calculate the remainder when h(6) is divided by 23.
20
Let u(h) = 73*h**3 + 4*h**2 - 13*h + 12. What is the remainder when 303 is divided by u(1)?
75
Let w(f) = -f**2 - 13*f - 13. Calculate the remainder when 984 is divided by w(-10).
15
Suppose -12*c + 2016 = 2*c. What is the remainder when c is divided by 37?
33
Let z be (-162)/(-30) + (-2)/5. Suppose g = -0*g + z. Let p = 15 - g. What is the remainder when 37 is divided by p?
7
What is the remainder when 183 is divided by 492/20 + (-3)/5?
15
Suppose 231 = 6*n - 3*n. Let b(k) = k**3 - 19*k**2 + 24*k + 190. What is the remainder when n is divided by b(17)?
17
Suppose -15*j + 16*j + 32 = 2*c, 2 = -j. What is the remainder when c is divided by 5?
0
Suppose 0*c - 5*c = 5*s - 915, 2*c - 378 = -5*s. Calculate the remainder when c is divided by 45.
44
Suppose 2 - 50 = -2*z. Let d = 15 - 21. What is the remainder when z is divided by 2 - (-21)/d*-2?
6
Let p(n) = -2*n**3 - 37*n**2 + 18*n + 29. Calculate the remainder when 94 is divided by p(-19).
46
Let n(f) = 52*f - 101. What is the remainder when 179 is divided by n(3)?
14
Let a = -194 + 218. What is the remainder when (-1)/(((-3)/(-279))/(-1)) is divided by a?
21
Suppose 2028 = 97*t - 2822. What is the remainder when 174 is divided by t?
24
Suppose -130*s = -70*s - 6240. What is the remainder when 410 is divided by s?
98
Let b = -6 - -8. Suppose b*v + 575 = 7*v. Let c = v 